mmon divisor of 9 and 21?
3
Calculate the highest common divisor of 100 and 8.
4
What is the greatest common divisor of 88 and 2596?
44
Calculate the highest common factor of 44 and 1133.
11
What is the highest common divisor of 3 and 189?
3
What is the greatest common divisor of 120 and 60?
60
What is the greatest common divisor of 2 and 1114?
2
What is the greatest common divisor of 37 and 5069?
37
Calculate the highest common factor of 52 and 1300.
52
Calculate the greatest common divisor of 1326 and 7644.
78
Calculate the greatest common divisor of 595 and 45.
5
What is the highest common factor of 72 and 948?
12
What is the highest common factor of 62 and 11718?
62
What is the highest common divisor of 259 and 28?
7
Calculate the highest common factor of 527 and 124.
31
What is the greatest common divisor of 420 and 4?
4
Calculate the highest common divisor of 1377 and 162.
81
What is the greatest common factor of 81 and 3321?
81
What is the highest common divisor of 100 and 8620?
20
Calculate the greatest common factor of 552 and 56.
8
Calculate the highest common factor of 1513 and 445.
89
Calculate the highest common divisor of 67 and 11.
1
What is the greatest common factor of 99 and 825?
33
What is the greatest common divisor of 114 and 13376?
38
What is the greatest common factor of 14 and 14?
14
What is the highest common factor of 3 and 789?
3
Calculate the highest common divisor of 4181 and 226.
113
What is the greatest common divisor of 112 and 48?
16
Calculate the greatest common factor of 48 and 16.
16
What is the highest common divisor of 122 and 1769?
61
Calculate the highest common factor of 351 and 6942.
39
Calculate the highest common factor of 1007 and 583.
53
What is the highest common factor of 15 and 835?
5
Calculate the greatest common factor of 72 and 8148.
12
Calculate the greatest common divisor of 33 and 12210.
33
Calculate the greatest common divisor of 12 and 6036.
12
What is the greatest common factor of 16 and 26576?
16
Calculate the greatest common factor of 140 and 28.
28
Calculate the greatest common factor of 749 and 535.
107
Calculate the greatest common divisor of 10 and 9200.
10
Calculate the greatest common factor of 22498 and 14.
14
What is the highest common factor of 18 and 441?
9
Calculate the greatest common factor of 57 and 3021.
57
What is the highest common divisor of 24 and 324?
12
Calculate the highest common divisor of 120 and 48.
24
What is the highest common factor of 705 and 165?
15
Calculate the greatest common divisor of 8 and 124.
4
What is the greatest common divisor of 58 and 87?
29
Calculate the greatest common divisor of 7602 and 42.
42
What is the greatest common factor of 40 and 784?
8
What is the highest common factor of 159 and 11289?
159
What is the greatest common divisor of 57 and 190?
19
Calculate the highest common factor of 78960 and 60.
60
What is the highest common factor of 762 and 6?
6
Calculate the highest common divisor of 126 and 189.
63
What is the greatest common factor of 1503 and 81?
9
What is the greatest common factor of 256 and 48?
16
Calculate the greatest common factor of 165 and 1760.
55
What is the greatest common factor of 1640 and 369?
41
What is the greatest common divisor of 444 and 39?
3
What is the highest common factor of 3 and 39?
3
What is the highest common factor of 5 and 37?
1
Calculate the highest common factor of 12325 and 29.
29
What is the greatest common divisor of 3434 and 34?
34
What is the highest common factor of 1081 and 23?
23
What is the highest common factor of 11 and 1111?
11
Calculate the greatest common factor of 147 and 399.
21
What is the greatest common divisor of 189 and 27?
27
What is the highest common divisor of 264 and 96?
24
What is the highest common divisor of 35 and 280?
35
What is the highest common divisor of 4690 and 140?
70
Calculate the greatest common divisor of 44 and 1804.
44
Calculate the highest common factor of 4 and 2916.
4
What is the greatest common divisor of 3 and 243?
3
What is the greatest common divisor of 88 and 50?
2
What is the highest common factor of 24 and 5688?
24
What is the greatest common divisor of 6996 and 132?
132
What is the greatest common factor of 2921 and 46?
23
Calculate the greatest common factor of 312 and 1352.
104
What is the highest common factor of 12 and 2046?
6
Calculate the greatest common factor of 50 and 8150.
50
What is the greatest common factor of 78 and 48?
6
What is the highest common factor of 2046 and 33?
33
What is the greatest common factor of 27 and 1080?
27
Calculate the greatest common divisor of 870 and 4.
2
What is the highest common divisor of 3162 and 930?
186
Calculate the greatest common factor of 51 and 11577.
51
Calculate the greatest common factor of 92 and 253.
23
What is the greatest common divisor of 8 and 196?
4
Calculate the highest common factor of 2763 and 36.
9
Calculate the greatest common divisor of 510 and 420.
30
Calculate the highest common factor of 72 and 1557.
9
Calculate the greatest common divisor of 54 and 459.
27
What is the greatest common divisor of 255 and 30?
15
Calculate the greatest common divisor of 23 and 690.
23
What is the highest common factor of 144 and 774?
18
What is the greatest common factor of 128 and 208?
16
Calculate the greatest common divisor of 10 and 505.
5
Calculate the greatest common divisor of 2 and 638.
2
Calculate the greatest common factor of 14 and 448.
14
What is the highest common divisor of 464 and 400?
16
What is the highest common divisor of 120 and 140?
20
Calculate the highest common factor of 35 and 160.
5
What is the greatest common factor of 3531 and 33?
33
What is the highest common divisor of 1820 and 560?
140
Calculate the highest common factor of 10 and 68.
2
What is the greatest common divisor of 2921 and 2794?
127
Calculate the highest common divisor of 125 and 2125.
125
What is the greatest common factor of 179 and 1969?
179
Calculate the highest common factor of 15080 and 58.
58
What is the greatest common factor of 30 and 410?
10
What is the highest common divisor of 86 and 2?
2
What is the greatest common factor of 60 and 2316?
12
What is the greatest common factor of 8 and 3560?
8
What is the greatest common factor of 17 and 8483?
17
Calculate the highest common factor of 411 and 7261.
137
What is the highest common factor of 20 and 17660?
20
Calculate the highest common factor of 18 and 1206.
18
What is the highest common divisor of 42 and 525?
21
What is the highest common divisor of 656 and 16?
16
What is the greatest common factor of 3512 and 16?
8
What is the highest common factor of 705 and 45?
15
Calculate the highest common factor of 11 and 121.
11
Calculate the greatest common factor of 18 and 2538.
18
Calculate the highest common divisor of 52 and 5356.
52
What is the highest common factor of 5 and 185?
5
What is the highest common divisor of 10 and 1835?
5
What is the highest common divisor of 28 and 8?
4
Calculate the highest common divisor of 42 and 798.
42
Calculate the highest common divisor of 2 and 11.
1
What is the highest common divisor of 1800 and 750?
150
Calculate the highest common factor of 145 and 5.
5
What is the greatest common factor of 5 and 145?
5
Calculate the greatest common divisor of 175 and 49525.
175
What is the highest common factor of 40 and 230?
10
Calculate the highest common factor of 47 and 1081.
47
Calculate the greatest common divisor of 82 and 5.
1
Calculate the greatest common divisor of 715 and 195.
65
Calculate the highest common factor of 168 and 140.
28
What is the greatest common factor of 20 and 388?
4
What is the greatest common factor of 84 and 780?
12
What is the highest common divisor of 297 and 495?
99
What is the highest common divisor of 369 and 576?
9
What is the highest common factor of 550 and 22?
22
Calculate the greatest common divisor of 1442 and 28.
14
What is the greatest common factor of 85 and 51?
17
What is the greatest common factor of 62 and 93?
31
What is the greatest common divisor of 168 and 348?
12
What is the highest common factor of 4880 and 240?
80
What is the greatest common divisor of 286 and 78?
26
Calculate the highest common factor of 3 and 147.
3
What is the greatest common divisor of 1